f f and 2202.
6
Suppose -13*q + 5*q = 0. Let r(c) = -9*c + 1. Let y be r(q). Suppose 3*w - 5*u = -0*u + 9, -4*u = w - 20. What is the greatest common divisor of w and y?
1
Suppose 0 = n + 6, -4*n = -226*a + 225*a + 776. What is the greatest common factor of 20 and a?
4
Let x be 326/4 - 1/(-2). Suppose 0*m + 4*t + x = 3*m, t + 118 = 4*m. Calculate the greatest common divisor of m and 285.
15
Suppose 4 = -4*f, -2*r + 5*f = -0*r - 5. Let n = r + 9. Let j(u) = u + 23. Let o be j(22). What is the highest common factor of o and n?
9
Let f(z) = 14*z + 1 + 11 + 21*z**2 + 11*z + 2*z - z**3. Let b be f(22). What is the greatest common factor of b and 61?
61
Suppose 6*t + 42 = 0, -7823 = -2*z - 0*z - 3*t. Calculate the greatest common divisor of z and 742.
106
Let r = 476 + -474. Let f be ((10 - 9)*(20 + -2))/r. Let t(j) = j**2 - 5*j + 3. Let s be t(5). What is the greatest common factor of s and f?
3
Let h(z) = 19*z**2 - 35*z + 109. Let x be h(10). Let v = x - 1002. What is the greatest common factor of 9 and v?
9
Let g(t) = 13*t**2 - 3*t - 228. Let v be g(-8). Calculate the greatest common factor of 7065 and v.
157
Let t(r) = -642*r + 354. Let a be t(-1). What is the greatest common factor of 36 and a?
12
Suppose -113 = -a - 2*x, 14*a - 11*a = -2*x + 355. Let l = 202 - a. Calculate the highest common factor of 9 and l.
9
Let w be 2 + 17 - (-37 + 46). What is the greatest common divisor of 4485 and w?
5
Suppose -5*h - 225 = -5*r, -r - h = 139 - 176. Suppose -l - 164 = -3*l. Calculate the greatest common divisor of r and l.
41
Let j(v) = -3*v**2 + 49*v + 21. Let p be j(16). Suppose -p*o + 1129 = -2497. Calculate the greatest common factor of o and 14.
14
Let a be (3/1)/(19*27/8208). Calculate the greatest common divisor of 7392 and a.
48
Let z be ((-28)/4)/(189/(-1863)). Calculate the highest common divisor of z and 115.
23
Suppose 6*f = f - 700. Let l = 212 + f. Let q be 3/(-27)*-6*12. Calculate the greatest common factor of l and q.
8
Let y(m) = -2*m + 6. Let g be (-6)/(-8) + (-16)/(-64). Let a be y(g). Calculate the greatest common factor of a and 124.
4
Let v be (6/((-6)/(-3)))/((-33)/(-286)). Let z be 9/(-5)*(-12740)/147. What is the highest common divisor of v and z?
26
Let d = -3420 + 6735. Suppose d = -50*i + 10915. What is the greatest common divisor of i and 40?
8
Suppose 4324*m = 4247*m + 17864. Let f = -9 + 17. Calculate the greatest common factor of f and m.
8
Let h(b) = 2508*b - 102432. Let y be h(41). Let o(j) = 5*j + 6. Let m be o(6). What is the greatest common divisor of y and m?
36
Let g be 7/(-1*91/(-12454)). What is the highest common factor of g and 2?
2
Let p be (395160/36)/37 + (-3)/(-9). Calculate the highest common divisor of p and 6.
3
Let r be 16/(((-308)/5782)/(-11)). Calculate the highest common divisor of 56 and r.
56
Suppose 150*o - 1146 - 1144 = -790. What is the greatest common factor of o and 20?
10
Suppose -9*h = -159 - 57. Suppose 0 = -8*q + 777 + 183. What is the greatest common factor of h and q?
24
Let t be 89 + -77 + 6/(-1) - -2084. Calculate the greatest common factor of 2310 and t.
110
Suppose -44*r + 3888 + 512 = 0. What is the greatest common factor of 800 and r?
100
Let x be 14/(-8)*(-116)/(-406)*98*-2. Calculate the greatest common factor of 34 and x.
2
Let j(g) = -2*g. Let z(s) = 25*s - 1. Let l(d) = -22*j(d) - 2*z(d). Let r = 618 + -619. Let p be l(r). Calculate the highest common factor of p and 88.
8
Let w be -11 + 2610 + (-1 - -13). Calculate the greatest common factor of w and 7.
7
Let l be (-78)/(-9)*(-99)/(-6). Let d = 257 + -224. Calculate the highest common divisor of d and l.
11
Let l(z) = -200*z**2 + 2605*z + 5. Let o be l(13). Calculate the highest common factor of o and 4270.
70
Let l(m) = -5*m**2 - 25*m + 3. Let c be l(-4). Let j = c + 17. Suppose 0 = 5*a + 5*z - 120, -3*z = 3*a - a - 52. What is the highest common factor of j and a?
20
Suppose -418 = 74*k - 93*k. What is the greatest common factor of k and 14894?
22
Let h = -413 - -429. Let q(u) = -2*u**2 + 29*u + 88. Let g be q(h). Calculate the greatest common divisor of g and 56.
8
Let n be ((-1452)/(-88))/((-2)/20). Let j = -126 - n. What is the greatest common divisor of 65 and j?
13
Suppose 5*c = 5 + 55. Let s(k) = -12*k**2 + 128*k + 16. Let m be s(7). Calculate the greatest common divisor of m and c.
12
Let o = -113 - -117. Suppose -5*w + 14 + 1 = -4*f, -o*f = 4*w - 12. What is the highest common divisor of w and 12?
3
Let k(l) = -2*l**2 - 65*l - 64. Let m be k(-28). Calculate the greatest common factor of m and 799.
47
Let c be 2698 - (19 + -6 + -16). Calculate the highest common factor of c and 333.
37
Let q = -702 + 1197. Calculate the highest common factor of 253 and q.
11
Let b be 18/(-2)*(15/(-20))/((-117)/(-156)). Calculate the highest common divisor of 801 and b.
9
Suppose -3*v = -2*j - 900, 0 = 10*v - 9*v + 3*j - 322. Calculate the highest common factor of 437 and v.
19
Suppose -r = -5*h - 12, 0 = 3*h + 4*r - 7*r. Let y be 76/(-1 - h) - 2. What is the highest common factor of 8 and y?
4
Let t = 7195 - 6784. What is the highest common factor of 3 and t?
3
Let h be 4 + (-9 + 42/4)*(-1506)/(-9). Suppose -5*a - 2*l = -l - 145, 2*l + 10 = 0. Calculate the highest common divisor of a and h.
15
Let j(w) = w**3 + 7*w**2 - 5*w + 6. Let t be j(-7). Let k = -3756 + 4945. Calculate the highest common factor of k and t.
41
Let p be (10 + -50)/(-10) - -568. What is the greatest common divisor of p and 528?
44
Let v = 2689 - 2424. Calculate the greatest common factor of 371 and v.
53
Let x(p) = p**3 + 5*p**2 - 9*p - 5. Let a be x(-6). Suppose 10*c - a*c = -15. Suppose c*d - d = 156. Calculate the greatest common factor of 13 and d.
13
Let k(u) = 3*u - 35. Let a(c) = 7*c - 69. Let d(r) = 4*a(r) - 7*k(r). Let b be d(5). Suppose 2*h = 63 - 7. What is the greatest common divisor of h and b?
4
Let d = -8041 + 8061. What is the greatest common divisor of d and 1375?
5
Let n(u) = 41*u**2 + 15*u + 26. Let m be n(10). Suppose -6*q = -m + 1066. Calculate the greatest common factor of q and 5.
5
Suppose -13*q + 12*q = -0*q - 512. What is the greatest common factor of q and 576?
64
Let t(y) = -y**2 + 42. Let i(u) = -2*u**2 - 2*u + 85. Let p(k) = 2*i(k) - 5*t(k). Let n be p(9). What is the greatest common divisor of n and 145?
5
Suppose 3*q - 5*v = 20, 5*q - 3*q + v = 22. Suppose 0 = h - 150 + 52. Suppose -3*x + h = -q. What is the greatest common divisor of 90 and x?
18
Let i = -1298 + 2013. Suppose -153 = 12*r - 374 - 439. What is the greatest common factor of r and i?
55
Let j = -40 + 400. Suppose -7*z = -13*z + j. What is the greatest common divisor of 20 and z?
20
Let y = -9684 + 19733. What is the greatest common divisor of 52 and y?
13
Suppose -4*o - 5*k - 43 = -721, 844 = 5*o + 8*k. What is the greatest common divisor of o and 301?
43
Let i = 816 + -513. Let y = -285 + i. Suppose 2*v + 0*v - 324 = 4*h, -5*v + 3*h + 810 = 0. Calculate the greatest common divisor of v and y.
18
Let u = -2 - -22. Let r(h) = -13*h + 5. Let w be r(0). What is the greatest common divisor of w and u?
5
Let u = 9310 - 7384. What is the highest common divisor of u and 9?
9
Let c = -12496 + 12553. Calculate the highest common factor of 3648 and c.
57
Let q = 7 + -1. Let o be 1 - (-2)/(q/3)*1. Suppose 0 = -3*n + 2*i + 7, o*i = 4*n - 7 - 5. What is the highest common divisor of n and 40?
5
Let j be -12*(5 + (-8)/(-24) + -9). What is the highest common divisor of j and 638?
22
Let z(r) = r**2 + 2*r - 6. Suppose -5*j + h - 20 = -0*j, 0 = -3*h - 15. Let p be z(j). Let v = -97 + 142. What is the greatest common divisor of p and v?
9
Let m be (((-108702)/(-135))/(-22))/(2/(-10)) + 9. Calculate the highest common factor of 13120 and m.
64
Let z = 261 - 258. Let v = 24 - 5. Suppose v = z*g - 113. Calculate the highest common divisor of g and 33.
11
Let l(m) = -m**2 - 44*m - 44. Let v be (-20)/4*-1*168/(-20). Let k be l(v). What is the greatest common divisor of 16 and k?
8
Let d be -3*(4/(-1) - (-1 - 2)). Suppose -r = -d, -7*r = -3*t - 10*r + 519. Suppose 0 = 3*c - t - 28. Calculate the greatest common factor of 22 and c.
22
Suppose 128*y - 129*y + 325 = 0. Let t be 16/(-152) + y/19. Calculate the greatest common divisor of 85 and t.
17
Suppose -324*m = -327*m + 741. Suppose 3